t derivative of a(s). Let g(z) = -32*z + 287. Let u be g(9). What is n(u)?
-5
Let f(t) = t**3 + 8*t**2 - 13*t - 5. Let i(n) = 2*n**3 - 12*n**2 + 14*n - 93. Let z be i(6). Calculate f(z).
31
Let o(u) be the first derivative of -3*u - 57 - 3/2*u**2. What is o(-3)?
6
Let l(x) = -5*x + 2. Let a be 8/6*(-2 - 1). Let s(y) = -6*y + 2. Let o(j) = a*l(j) + 3*s(j). Suppose 3*p + 18 = u, -u = u + 4*p + 14. What is o(u)?
4
Let y(b) = -5*b**2 - 5*b + 44. Let k be y(-9). Let t = -313 - k. Let g(o) = -o**3 + 3*o**2 + 2*o - 3. What is g(t)?
3
Let b(u) = 7*u - 36. Let x = -709 - -714. Calculate b(x).
-1
Let j(c) = -c**3 + 12*c**2 + 4*c - 20. Let n(b) = -b**3 + 2*b. Let x(w) = j(w) - 2*n(w). Give x(-12).
-20
Let b(n) = 7*n**2 - 39*n**2 + 0*n**2 + n**3 - 3*n**3 - 5 + 20*n**2 - 10*n. What is b(-5)?
-5
Suppose 3*m + 0 = -3. Let v(d) = 91*d**2 + d - 17. Let u(b) = 45*b**2 - 7. Let k(j) = 5*u(j) - 2*v(j). What is k(m)?
44
Let o = 91839 - 91844. Let x(a) = -a**3 + a**2 + 1. Let j(k) = -2*k**3 + 7*k**2 - 4*k + 8. Let d(v) = -j(v) + 3*x(v). Calculate d(o).
0
Let b(j) be the first derivative of -101 - j**3 - 1/4*j**4 + 0*j + 0*j**2. Give b(-2).
-4
Let s(d) = d - 2. Let y = -71 - -113. Let n be 14/y - 40/(-6). Determine s(n).
5
Let d(i) = i + 1. Let n(p) = -p - 1. Let q(b) = 5*d(b) + 6*n(b). Let l = 118 + -84. Let a = 39 - l. Determine q(a).
-6
Let g(q) = 2*q**2 - 13*q + 6. Let s = -2612 + 2618. What is g(s)?
0
Let w(q) = -3*q**2 + q + 5. Suppose 145*a + 194 - 919 = 0. Calculate w(a).
-65
Suppose 2114 = -20*k + 1974. Let p(x) be the second derivative of x**3/6 + 2*x. Let s(v) = 5*v + 5. Let i(j) = 4*p(j) - s(j). Calculate i(k).
2
Let r(f) = 17*f - 52*f - 137 + 43 + 12*f + 18*f. Calculate r(-17).
-9
Let u(t) = t**3 - 8*t**2 + 6*t + 8. Suppose 2*i = -0*i - 6, 72 = 3*h - 2*i. Suppose -11*l + 231 = h*l. What is u(l)?
1
Let k = 8358 - 8359. Let c(r) = r - 1. Let t(i) = 2*i + 4. Let n(g) = -6*c(g) - t(g). Give n(k).
10
Suppose -a - 2*n = -121, -2*a + 3*n = 2*a - 429. Let m be 6/(-15) + a/15. Let z(l) = 4*l**2 - m*l**2 - 19*l + 18*l + l**3 - 5. Determine z(4).
7
Let t(v) = 24*v**2 + 6*v - 137. Let p(y) = 13*y**2 + 3*y - 75. Let i(b) = 11*p(b) - 6*t(b). Let w(n) = n**2 - 1. Let q be w(2). Determine i(q).
-21
Let q(k) = 7*k + 13. Suppose 0 = -5*u + 5*v + 25, -5*u = v - 73 + 12. Give q(u).
90
Let p(a) = -8*a - 131. Let x be p(-25). Suppose -15 + x = -9*i. Let s(g) = -g + 2. What is s(i)?
8
Suppose -60*a = 88 - 28. Let f(c) = -49*c**2 + 2*c + 1. Calculate f(a).
-50
Let i(c) be the third derivative of c**4/6 - 23*c**3/6 + 93*c**2 + 2*c. What is i(7)?
5
Let h(t) = t**2 + 150*t + 4596. Let y be h(-107). Let p(i) = -3*i**2 - 10*i + 20. Determine p(y).
-5
Let i = -11 - -14. Suppose -i*l = -8*l + 10. Let x(g) = -g + 15*g - 1 - 9*g**3 - 6*g - 2*g**l - 6*g. What is x(1)?
-10
Let a(b) = 478*b + 87. Let o(w) = 434*w + 88. Let k(h) = 10*a(h) - 11*o(h). What is k(11)?
-32
Let s(j) be the first derivative of -j**5/15 + j**3/6 - 55*j**2 + 111. Let l(y) be the second derivative of s(y). Determine l(-2).
-15
Let l(n) = n + 6. Let s = -174 - -178. Suppose 0 = 9*r + s + 59. Give l(r).
-1
Suppose -2*h = -167 + 63. Suppose 4*b + h = -0. Let q(r) = r**3 + 13*r**2 - r - 17. Give q(b).
-4
Let o(a) be the third derivative of 0*a + 13*a**2 - 4/3*a**3 - 1/120*a**5 + 5/24*a**4 + 0. Let l(i) be the first derivative of o(i). Calculate l(6).
-1
Let a(r) = -r**3 + 7*r**2 - 6*r - 8. Let t = 65 + -63. Suppose -2*s + 2*d - 10 = -4*s, t*d - 2 = 0. Suppose 3*j - 4*b = -j + 4, -s*j - 5*b + 49 = 0. Give a(j).
-8
Suppose 3*r = -11 - 28. Let l(v) be the third derivative of v**6/120 + v**5/5 - v**4/2 + 2*v**3/3 - 2*v**2 + 364. What is l(r)?
-9
Let m(h) = -h**2 + 44*h - 123. Suppose 0 = 43*f - 40*f - 2*b - 113, 3*f = 4*b + 103. Give m(f).
0
Let r(g) = 41 + 35 + 131*g - 114*g - g**2 - 74. Calculate r(14).
44
Let m = -14057 - -14051. Let u(y) = -14*y - 76. Determine u(m).
8
Let w(i) = -29*i**2 + 115*i - 41. Let a(u) = -17*u**2 + 69*u - 24. Let s(y) = -12*a(y) + 7*w(y). Calculate s(6).
-101
Let j = 502 + -507. Let r(v) = 9*v + 26. Determine r(j).
-19
Let h = -1325 - -1323. Let t(k) be the second derivative of -3/2*k**2 - 5*k + 0 - 1/2*k**3 + 1/6*k**4. Calculate t(h).
11
Let a(k) = -46*k - 1. Let l = 617 + -342. Let f = -276 + l. Give a(f).
45
Let w(f) be the first derivative of f**4/4 + f**2 + 15*f + 8081. What is w(0)?
15
Let g(p) = p**2 + 7*p + 6. Let z(b) = -15*b**2 - 124*b - 32. Let d be z(-8). Suppose 4*t - 14 = -6. Suppose r + 3*c - c + t = d, c + 10 = -2*r. Calculate g(r).
0
Suppose 97*i = 22 + 810 + 235. Let j(v) = -1. Let h(f) = -f**2 + 10*f + 16. Let l(u) = -h(u) - 5*j(u). Determine l(i).
0
Let a(q) be the first derivative of q**3/3 + 7*q**2 + 30*q - 12398. Give a(-8).
-18
Let r(h) = h**2 + 8*h - 31. Let y be r(3). Let n(b) be the first derivative of -3/2*b**2 + y*b - 13. Calculate n(-4).
14
Let g = -9610 - -9614. Let z(j) = -23*j + 90. What is z(g)?
-2
Let v(m) = -2*m**2 - 9*m. Suppose -5*o = -5*a - 25, -5*o - 17 + 2 = 5*a. Give v(a).
4
Let p(k) be the third derivative of k**4/12 + 20*k**3/3 - 4760*k**2. Calculate p(2).
44
Let g(w) = w**2 + 8*w + 1. Let p(j) = -4*j + 44. Suppose 29*s - 5*i = 30*s - 12, 0 = -3*s + 2*i + 36. Let l be p(s). Calculate g(l).
-15
Let b(z) be the third derivative of 13*z**4/24 + 13*z**3/6 - 3004*z**2. Determine b(3).
52
Let j(a) = a**3 + 11*a**2 + 12*a - 2. Let s = 7723 + -7733. Give j(s).
-22
Let a(w) = -44*w + 2158. Let h be a(49). Let r(c) = c**3 - 4*c**2 + 8*c - 6. What is r(h)?
2
Let p(z) = -z**3 + 10*z**2 + 13*z - 24. Suppose 7 = 4*g + 4*d - 25, 2*g + d = 19. What is p(g)?
-2
Suppose 6 - 4 = -j + 1. Let w(y) = -y**3 + 4*y**2 - y + 6. Let x(r) = 2*r**3 - 5*r**2 + r - 7. Let f(b) = -7*w(b) - 6*x(b). Determine f(j).
6
Let m(l) = l**3 - 4*l**2 - 3*l - 9. Let y(j) be the third derivative of 5*j**4/12 - 25*j**3/6 + 240*j**2. Let z be y(3). Determine m(z).
1
Let w(c) be the third derivative of c**5/60 - c**4/3 + 7*c**3/3 + 32*c**2 - 74*c + 2. Give w(15).
119
Let l(t) be the third derivative of -t**5/20 + t**4/24 + 5*t**3/3 + t**2 + 14*t + 7. Calculate l(4).
-34
Let i(m) = m**2 - 9*m + 12. Let f(a) be the third derivative of -a**5/60 - 7*a**4/6 + 3*a**3/2 - 50*a**2. Let l be f(-28). Calculate i(l).
12
Suppose 0*h - 2*h + 12 = -2*y, 5*h - 3*y - 22 = 0. Let u(z) = 3*z + 63 + 51 - 113 - h*z**2. Determine u(-1).
-4
Let y(b) = 33*b - b**3 - 2 + 8*b**2 + b**2 - 8*b - 29*b - 3*b. Determine y(8).
6
Let p be 2/10*35*(-3 + 2). Let z(a) = -a**2 - 4*a + 6. What is z(p)?
-15
Suppose -107*w = 1576*w - 5843 - 5938. Let j(h) = h**3 - 4 - 7*h**2 - 2*h + 1 + 0*h**2. Calculate j(w).
-17
Suppose 6*b + 23 = 4*z + 21, 2*z - b - 7 = 0. Let g(k) = -k**3 + 6*k**2 - 6*k + 22. Give g(z).
17
Let x(o) = 107*o + 39*o + 254 + 58*o - 30*o**2 - 276*o + o**3. What is x(32)?
-2
Let v(m) be the third derivative of m**5/30 - 3*m**4/4 - m**3/3 - 103*m**2. Let t be v(9). Let o(s) = -s**2 + 5. Give o(t).
1
Let b(o) = -53 - 1 + 49 - o. Suppose 5*a + 20 = 5*h, -a = h - 6*h - 12. Give b(a).
3
Let m = 2283 - 2276. Let l(k) = 11*k - 79. Determine l(m).
-2
Let j = 26961 - 26955. Let k(y) = -y**3 + 7*y**2 - 18*y + 71. Calculate k(j).
-1
Let z(f) be the third derivative of -f**5/60 + 11*f**4/24 + 7*f**3/2 + 614*f**2. What is z(11)?
21
Let r(p) = 175 + 14*p + 0*p**2 - 348 - 2*p**2 + 0*p**2 + 192. What is r(8)?
3
Let u(p) = -7*p**2 - 55*p - 30. Let h be u(-7). Let c(b) = b + 19. Calculate c(h).
31
Suppose 2*u + 256 - 282 = 0. Let o(s) = 2 - u*s + 4*s + 76*s**2 + 1 - 78*s**2. Give o(-7).
-32
Let g(a) = 5*a**2 - 12*a - 6. Let f(o) = 6*o**2 - 14*o - 7. Let u(q) = 4*f(q) - 5*g(q). Let j be u(6). Let t(x) = x**2 + 10*x + 10. What is t(j)?
10
Let n(t) = t**2 + 282*t + 840. Let f be n(-3). Let d(a) be the first derivative of -a**3/3 + 3*a**2/2 - a - 2. Calculate d(f).
-1
Let l(r) = r**2 - 20*r + 6. Let p be (7 - -1) + (5 - -4). Give l(p).
-45
Suppose -5*n - 6 = -7*n. Let m(s) = 0*s**3 - 3*s - s**n + 0*s - 1 + 6*s**2 + 0*s**2. Determine m(5).
9
Let c(s) be the second derivative of s**4/12 - 7*s**3/6 + 3*s**2/2 + 223*s. Suppose -8*n + 7*n = 17. Let v = n + 20. Calculate c(v).
-9
Let y(s) = 9*s**2 + 2*s. Let m(n) = 27*n**2 + 5*n. Let j(p) = 3*m(p) - 8*y(p). Suppose 4*h - 12 = 0, -f - 3*h + 5 = -4. Suppose 1 + f = v. Give j(v).
8
Let b(g) = 24*g